d by 659.
611
What is the remainder when 78301 is divided by 68?
33
What is the remainder when 1412 is divided by 743?
669
Calculate the remainder when 64155 is divided by 2673.
3
Calculate the remainder when 41519 is divided by 20756.
7
What is the remainder when 1680 is divided by 337?
332
Calculate the remainder when 83961 is divided by 211.
194
What is the remainder when 113672 is divided by 49?
41
What is the remainder when 11461 is divided by 1241?
292
What is the remainder when 336888 is divided by 97?
7
Calculate the remainder when 80655 is divided by 106.
95
What is the remainder when 32132 is divided by 249?
11
What is the remainder when 5854 is divided by 183?
181
What is the remainder when 10793 is divided by 64?
41
What is the remainder when 746 is divided by 734?
12
What is the remainder when 5001 is divided by 225?
51
Calculate the remainder when 30664 is divided by 7.
4
What is the remainder when 10494 is divided by 3?
0
Calculate the remainder when 1363 is divided by 398.
169
Calculate the remainder when 2229042 is divided by 69.
66
Calculate the remainder when 24635 is divided by 560.
555
Calculate the remainder when 17367 is divided by 143.
64
Calculate the remainder when 18883 is divided by 119.
81
What is the remainder when 60857 is divided by 5527?
60
What is the remainder when 17485 is divided by 17484?
1
What is the remainder when 778552 is divided by 12557?
18
Calculate the remainder when 13339 is divided by 284.
275
Calculate the remainder when 3124 is divided by 696.
340
Calculate the remainder when 1715 is divided by 121.
21
What is the remainder when 1099 is divided by 3?
1
Calculate the remainder when 21232 is divided by 2979.
379
Calculate the remainder when 1005 is divided by 975.
30
Calculate the remainder when 7041 is divided by 1559.
805
What is the remainder when 100387 is divided by 80?
67
Calculate the remainder when 7304 is divided by 62.
50
Calculate the remainder when 7146 is divided by 588.
90
What is the remainder when 35689 is divided by 620?
349
What is the remainder when 1071 is divided by 99?
81
What is the remainder when 29946 is divided by 14876?
194
What is the remainder when 5031 is divided by 1666?
33
Calculate the remainder when 6508 is divided by 55.
18
Calculate the remainder when 1486 is divided by 380.
346
What is the remainder when 29307 is divided by 591?
348
What is the remainder when 96195 is divided by 123?
9
Calculate the remainder when 274797 is divided by 4907.
5
Calculate the remainder when 27773 is divided by 101.
99
What is the remainder when 18446 is divided by 126?
50
What is the remainder when 28061 is divided by 5?
1
Calculate the remainder when 3926 is divided by 74.
4
What is the remainder when 37645 is divided by 590?
475
Calculate the remainder when 203666 is divided by 746.
8
What is the remainder when 61093 is divided by 10162?
121
What is the remainder when 3112 is divided by 1032?
16
What is the remainder when 32107 is divided by 412?
383
What is the remainder when 226915 is divided by 63?
52
What is the remainder when 94515 is divided by 2?
1
Calculate the remainder when 2663221 is divided by 347.
343
What is the remainder when 6581 is divided by 213?
191
What is the remainder when 645 is divided by 586?
59
Calculate the remainder when 3377 is divided by 33.
11
What is the remainder when 17742 is divided by 169?
166
What is the remainder when 1760 is divided by 1704?
56
What is the remainder when 130326 is divided by 144?
6
Calculate the remainder when 9132 is divided by 301.
102
Calculate the remainder when 7723 is divided by 2299.
826
Calculate the remainder when 42539 is divided by 14179.
2
Calculate the remainder when 13295 is divided by 150.
95
What is the remainder when 23740 is divided by 11?
2
Calculate the remainder when 1790 is divided by 86.
70
What is the remainder when 22687 is divided by 186?
181
What is the remainder when 2717 is divided by 151?
150
What is the remainder when 7290 is divided by 33?
30
Calculate the remainder when 12372 is divided by 44.
8
What is the remainder when 11303 is divided by 8?
7
Calculate the remainder when 3366372 is divided by 125.
122
What is the remainder when 25606 is divided by 1969?
9
What is the remainder when 650 is divided by 14?
6
What is the remainder when 3733 is divided by 534?
529
What is the remainder when 364419 is divided by 3?
0
Calculate the remainder when 5245 is divided by 1745.
10
What is the remainder when 678624 is divided by 13?
11
Calculate the remainder when 31429 is divided by 7833.
97
What is the remainder when 40474 is divided by 20043?
388
Calculate the remainder when 7684 is divided by 417.
178
What is the remainder when 32823 is divided by 856?
295
What is the remainder when 17573 is divided by 144?
5
What is the remainder when 361235 is divided by 423?
416
What is the remainder when 75454 is divided by 559?
548
Calculate the remainder when 350142 is divided by 15.
12
Calculate the remainder when 13716 is divided by 550.
516
What is the remainder when 19484 is divided by 3894?
14
What is the remainder when 35450 is divided by 5866?
254
Calculate the remainder when 9438 is divided by 85.
3
What is the remainder when 1645 is divided by 596?
453
Calculate the remainder when 684 is divided by 108.
36
Calculate the remainder when 216235 is divided by 147.
145
Calculate the remainder when 42805 is divided by 14243.
76
Calculate the remainder when 8452 is divided by 2796.
64
Calculate the remainder when 4823 is divided by 156.
143
Calculate the remainder when 13567 is divided by 4519.
10
What is the remainder when 5397 is divided by 1777?
66
Calculate the remainder when 58804 is divided by 34.
18
What is the remainder when 115126 is divided by 234?
232
What is the remainder when 2322 is divided by 1116?
90
What is the remainder when 6214 is divided by 45?
4
What is the remainder when 986720 is divided by 22?
20
What is the remainder when 144415 is divided by 16045?
10
Calculate the remainder when 72565 is divided by 9067.
29
Calculate the remainder when 2150 is divided by 513.
98
What is the remainder when 182706 is divided by 27?
24
Calculate the remainder when 12297 is divided by 12291.
6
Calculate the remainder when 3195 is divided by 916.
447
Calculate the remainder when 59511 is divided by 661.
21
Calculate the remainder when 666638 is divided by 139.
133
Calculate the remainder when 7135 is divided by 2223.
466
Calculate the remainder when 3466 is divided by 423.
82
What is the remainder when 1033369 is divided by 1842?
7
Calculate the remainder when 1065 is divided by 393.
279
What is the remainder when 5457 is divided by 129?
39
What is the remainder when 97682 is divided by 27?
23
Calculate the remainder when 56644 is divided by 266.
252
Calculate the remainder when 74442 is divided by 148.
146
What is the remainder when 36759 is divided by 9188?
7
What is the remainder when 1129516 is divided by 22?
14
Calculate the remainder when 18782 is divided by 8.
6
Calculate the remainder when 38521 is divided by 7703.
6
Calculate the remainder when 24582 is divided by 210.
12
Calculate the remainder when 51187 is divided by 75.
37
What is the remainder when 26906 is divided by 217?
215
Calculate the remainder when 11395 is divided by 139.
136
Calculate the remainder when 8207 is divided by 186.
23
What is the remainder when 264 is divided by 49?
19
Calculate the remainder when 6841 is divided by 201.
7
Calculate the remainder when 698 is divided by 129.
53
Calculate the remainder when 5611684 is divided by 158.
156
What is the remainder when 4751 is divided by 216?
215
Calculate the remainder when 3109 is divided by 3008.
101
What is the remainder when 9624448 is divided by 330?
328
Calculate the remainder when 2315067 is divided by 11.
7
Calculate the remainder when 5480 is divided by 1077.
95
Calculate the remainder when 1313 is divided by 132.
125
What is the remainder when 16108 is divided by 65?
53
Calculate the remainder when 89 is divided by 41.
7
Calculate the remainder when 239627 is divided by 12.
11
Calculate the remainder when 2558 is divided by 1693.
865
What is the remainder when 16532 is divided by 611?
35
Calculate the remainder when 123086 is divided by 3.
2
Calculate the 